{"id":254,"date":"2023-02-14T10:49:18","date_gmt":"2023-02-14T13:49:18","guid":{"rendered":"https:\/\/kawamuraconstrucoes.com.br\/site\/?page_id=254"},"modified":"2024-02-16T10:13:39","modified_gmt":"2024-02-16T13:13:39","slug":"mensagem","status":"publish","type":"page","link":"https:\/\/kawamuraconstrucoes.com.br\/site\/index.php\/mensagem\/","title":{"rendered":"Time Kawamura"},"content":{"rendered":"\n<p>Nossos profissionais contam com anos de experi\u00eancia no mercado. Confira!<\/p>\n\n\n\n<div class=\"is-layout-flex wp-block-buttons\">\n<div class=\"wp-block-button\"><a class=\"wp-block-button__link wp-element-button\" href=\"https:\/\/kawamuraconstrucoes.com.br\/site\/index.php\/2023\/05\/10\/conheca-o-time-de-profissionais-da-kawamura-construcoes\/#more-806\">Ver profissionais<\/a><\/div>\n<\/div>\n","protected":false},"excerpt":{"rendered":"<p>Nossos profissionais contam com anos de experi\u00eancia no mercado. Confira!<\/p>\n","protected":false},"author":1,"featured_media":1100,"parent":0,"menu_order":0,"comment_status":"closed","ping_status":"closed","template":"","meta":[],"yoast_head":"<!-- This site is optimized with the Yoast SEO plugin v20.1 - https:\/\/yoast.com\/wordpress\/plugins\/seo\/ -->\n<title>Time Kawamura - Kawamura Constru\u00e7\u00f5es<\/title>\n<meta name=\"robots\" content=\"index, follow, max-snippet:-1, max-image-preview:large, max-video-preview:-1\" \/>\n<link rel=\"canonical\" href=\"https:\/\/kawamuraconstrucoes.com.br\/site\/index.php\/mensagem\/\" \/>\n<meta property=\"og:locale\" content=\"pt_BR\" \/>\n<meta property=\"og:type\" content=\"article\" \/>\n<meta property=\"og:title\" content=\"Time Kawamura - Kawamura Constru\u00e7\u00f5es\" \/>\n<meta property=\"og:description\" content=\"Nossos profissionais contam com anos de experi\u00eancia no mercado. Confira!\" \/>\n<meta property=\"og:url\" content=\"https:\/\/kawamuraconstrucoes.com.br\/site\/index.php\/mensagem\/\" \/>\n<meta property=\"og:site_name\" content=\"Kawamura Constru\u00e7\u00f5es\" \/>\n<meta property=\"article:publisher\" content=\"https:\/\/www.facebook.com\/kawamuraconstrucoes\/\" \/>\n<meta property=\"article:modified_time\" content=\"2024-02-16T13:13:39+00:00\" \/>\n<meta property=\"og:image\" content=\"https:\/\/kawamuraconstrucoes.com.br\/site\/wp-content\/uploads\/2024\/02\/time.png\" \/>\n\t<meta property=\"og:image:width\" content=\"809\" \/>\n\t<meta property=\"og:image:height\" content=\"538\" \/>\n\t<meta property=\"og:image:type\" content=\"image\/png\" \/>\n<meta name=\"twitter:card\" content=\"summary_large_image\" \/>\n<meta name=\"twitter:label1\" content=\"Est. tempo de leitura\" \/>\n\t<meta name=\"twitter:data1\" content=\"1 minuto\" \/>\n<script type=\"application\/ld+json\" class=\"yoast-schema-graph\">{\"@context\":\"https:\/\/schema.org\",\"@graph\":[{\"@type\":\"WebPage\",\"@id\":\"https:\/\/kawamuraconstrucoes.com.br\/site\/index.php\/mensagem\/\",\"url\":\"https:\/\/kawamuraconstrucoes.com.br\/site\/index.php\/mensagem\/\",\"name\":\"Time Kawamura - Kawamura Constru\u00e7\u00f5es\",\"isPartOf\":{\"@id\":\"https:\/\/kawamuraconstrucoes.com.br\/site\/#website\"},\"datePublished\":\"2023-02-14T13:49:18+00:00\",\"dateModified\":\"2024-02-16T13:13:39+00:00\",\"breadcrumb\":{\"@id\":\"https:\/\/kawamuraconstrucoes.com.br\/site\/index.php\/mensagem\/#breadcrumb\"},\"inLanguage\":\"pt-BR\",\"potentialAction\":[{\"@type\":\"ReadAction\",\"target\":[\"https:\/\/kawamuraconstrucoes.com.br\/site\/index.php\/mensagem\/\"]}]},{\"@type\":\"BreadcrumbList\",\"@id\":\"https:\/\/kawamuraconstrucoes.com.br\/site\/index.php\/mensagem\/#breadcrumb\",\"itemListElement\":[{\"@type\":\"ListItem\",\"position\":1,\"name\":\"In\u00edcio\",\"item\":\"https:\/\/kawamuraconstrucoes.com.br\/site\/\"},{\"@type\":\"ListItem\",\"position\":2,\"name\":\"Time Kawamura\"}]},{\"@type\":\"WebSite\",\"@id\":\"https:\/\/kawamuraconstrucoes.com.br\/site\/#website\",\"url\":\"https:\/\/kawamuraconstrucoes.com.br\/site\/\",\"name\":\"Kawamura Constru\u00e7\u00f5es\",\"description\":\"\",\"publisher\":{\"@id\":\"https:\/\/kawamuraconstrucoes.com.br\/site\/#organization\"},\"alternateName\":\"Kawamura\",\"potentialAction\":[{\"@type\":\"SearchAction\",\"target\":{\"@type\":\"EntryPoint\",\"urlTemplate\":\"https:\/\/kawamuraconstrucoes.com.br\/site\/?s={search_term_string}\"},\"query-input\":\"required name=search_term_string\"}],\"inLanguage\":\"pt-BR\"},{\"@type\":\"Organization\",\"@id\":\"https:\/\/kawamuraconstrucoes.com.br\/site\/#organization\",\"name\":\"Kawamura Constru\u00e7\u00f5es\",\"alternateName\":\"Kawamura\",\"url\":\"https:\/\/kawamuraconstrucoes.com.br\/site\/\",\"logo\":{\"@type\":\"ImageObject\",\"inLanguage\":\"pt-BR\",\"@id\":\"https:\/\/kawamuraconstrucoes.com.br\/site\/#\/schema\/logo\/image\/\",\"url\":\"https:\/\/kawamuraconstrucoes.com.br\/site\/wp-content\/uploads\/2023\/02\/logo.png\",\"contentUrl\":\"https:\/\/kawamuraconstrucoes.com.br\/site\/wp-content\/uploads\/2023\/02\/logo.png\",\"width\":526,\"height\":527,\"caption\":\"Kawamura Constru\u00e7\u00f5es\"},\"image\":{\"@id\":\"https:\/\/kawamuraconstrucoes.com.br\/site\/#\/schema\/logo\/image\/\"},\"sameAs\":[\"https:\/\/www.facebook.com\/kawamuraconstrucoes\/\",\"https:\/\/www.instagram.com\/kawamuraconstrucoes\/\"]}]}<\/script>\n<!-- \/ Yoast SEO plugin. -->","yoast_head_json":{"title":"Time Kawamura - Kawamura Constru\u00e7\u00f5es","robots":{"index":"index","follow":"follow","max-snippet":"max-snippet:-1","max-image-preview":"max-image-preview:large","max-video-preview":"max-video-preview:-1"},"canonical":"https:\/\/kawamuraconstrucoes.com.br\/site\/index.php\/mensagem\/","og_locale":"pt_BR","og_type":"article","og_title":"Time Kawamura - Kawamura Constru\u00e7\u00f5es","og_description":"Nossos profissionais contam com anos de experi\u00eancia no mercado. Confira!","og_url":"https:\/\/kawamuraconstrucoes.com.br\/site\/index.php\/mensagem\/","og_site_name":"Kawamura Constru\u00e7\u00f5es","article_publisher":"https:\/\/www.facebook.com\/kawamuraconstrucoes\/","article_modified_time":"2024-02-16T13:13:39+00:00","og_image":[{"width":809,"height":538,"url":"https:\/\/kawamuraconstrucoes.com.br\/site\/wp-content\/uploads\/2024\/02\/time.png","type":"image\/png"}],"twitter_card":"summary_large_image","twitter_misc":{"Est. tempo de leitura":"1 minuto"},"schema":{"@context":"https:\/\/schema.org","@graph":[{"@type":"WebPage","@id":"https:\/\/kawamuraconstrucoes.com.br\/site\/index.php\/mensagem\/","url":"https:\/\/kawamuraconstrucoes.com.br\/site\/index.php\/mensagem\/","name":"Time Kawamura - Kawamura Constru\u00e7\u00f5es","isPartOf":{"@id":"https:\/\/kawamuraconstrucoes.com.br\/site\/#website"},"datePublished":"2023-02-14T13:49:18+00:00","dateModified":"2024-02-16T13:13:39+00:00","breadcrumb":{"@id":"https:\/\/kawamuraconstrucoes.com.br\/site\/index.php\/mensagem\/#breadcrumb"},"inLanguage":"pt-BR","potentialAction":[{"@type":"ReadAction","target":["https:\/\/kawamuraconstrucoes.com.br\/site\/index.php\/mensagem\/"]}]},{"@type":"BreadcrumbList","@id":"https:\/\/kawamuraconstrucoes.com.br\/site\/index.php\/mensagem\/#breadcrumb","itemListElement":[{"@type":"ListItem","position":1,"name":"In\u00edcio","item":"https:\/\/kawamuraconstrucoes.com.br\/site\/"},{"@type":"ListItem","position":2,"name":"Time Kawamura"}]},{"@type":"WebSite","@id":"https:\/\/kawamuraconstrucoes.com.br\/site\/#website","url":"https:\/\/kawamuraconstrucoes.com.br\/site\/","name":"Kawamura Constru\u00e7\u00f5es","description":"","publisher":{"@id":"https:\/\/kawamuraconstrucoes.com.br\/site\/#organization"},"alternateName":"Kawamura","potentialAction":[{"@type":"SearchAction","target":{"@type":"EntryPoint","urlTemplate":"https:\/\/kawamuraconstrucoes.com.br\/site\/?s={search_term_string}"},"query-input":"required name=search_term_string"}],"inLanguage":"pt-BR"},{"@type":"Organization","@id":"https:\/\/kawamuraconstrucoes.com.br\/site\/#organization","name":"Kawamura Constru\u00e7\u00f5es","alternateName":"Kawamura","url":"https:\/\/kawamuraconstrucoes.com.br\/site\/","logo":{"@type":"ImageObject","inLanguage":"pt-BR","@id":"https:\/\/kawamuraconstrucoes.com.br\/site\/#\/schema\/logo\/image\/","url":"https:\/\/kawamuraconstrucoes.com.br\/site\/wp-content\/uploads\/2023\/02\/logo.png","contentUrl":"https:\/\/kawamuraconstrucoes.com.br\/site\/wp-content\/uploads\/2023\/02\/logo.png","width":526,"height":527,"caption":"Kawamura Constru\u00e7\u00f5es"},"image":{"@id":"https:\/\/kawamuraconstrucoes.com.br\/site\/#\/schema\/logo\/image\/"},"sameAs":["https:\/\/www.facebook.com\/kawamuraconstrucoes\/","https:\/\/www.instagram.com\/kawamuraconstrucoes\/"]}]}},"_links":{"self":[{"href":"https:\/\/kawamuraconstrucoes.com.br\/site\/index.php\/wp-json\/wp\/v2\/pages\/254"}],"collection":[{"href":"https:\/\/kawamuraconstrucoes.com.br\/site\/index.php\/wp-json\/wp\/v2\/pages"}],"about":[{"href":"https:\/\/kawamuraconstrucoes.com.br\/site\/index.php\/wp-json\/wp\/v2\/types\/page"}],"author":[{"embeddable":true,"href":"https:\/\/kawamuraconstrucoes.com.br\/site\/index.php\/wp-json\/wp\/v2\/users\/1"}],"replies":[{"embeddable":true,"href":"https:\/\/kawamuraconstrucoes.com.br\/site\/index.php\/wp-json\/wp\/v2\/comments?post=254"}],"version-history":[{"count":13,"href":"https:\/\/kawamuraconstrucoes.com.br\/site\/index.php\/wp-json\/wp\/v2\/pages\/254\/revisions"}],"predecessor-version":[{"id":1102,"href":"https:\/\/kawamuraconstrucoes.com.br\/site\/index.php\/wp-json\/wp\/v2\/pages\/254\/revisions\/1102"}],"wp:featuredmedia":[{"embeddable":true,"href":"https:\/\/kawamuraconstrucoes.com.br\/site\/index.php\/wp-json\/wp\/v2\/media\/1100"}],"wp:attachment":[{"href":"https:\/\/kawamuraconstrucoes.com.br\/site\/index.php\/wp-json\/wp\/v2\/media?parent=254"}],"curies":[{"name":"wp","href":"https:\/\/api.w.org\/{rel}","templated":true}]}}